{"id":20,"date":"2017-12-13T12:07:51","date_gmt":"2017-12-13T11:07:51","guid":{"rendered":"http:\/\/planet.fen.pl\/?page_id=20"},"modified":"2022-04-29T13:29:57","modified_gmt":"2022-04-29T11:29:57","slug":"o-nas","status":"publish","type":"page","link":"https:\/\/linksys.pl\/?page_id=20","title":{"rendered":"O nas"},"content":{"rendered":"<p>[vc_row force_equal_height_columns=&#8221;main_row&#8221; dfd_row_responsive_enable=&#8221;dfd-row-responsive-enable&#8221; mobile_destroy_equal_heights=&#8221;yes&#8221; responsive_styles=&#8221;padding_top_desktop:10|padding_bottom_desktop:10|padding_left_desktop:10|padding_right_desktop:10&#8243;][vc_column width=&#8221;1\/2&#8243;][vc_single_image image=&#8221;1923&#8243; img_size=&#8221;full&#8221; alignment=&#8221;center&#8221; css=&#8221;.vc_custom_1651231709785{padding-top: 5px !important;padding-right: 5px !important;padding-bottom: 5px !important;padding-left: 5px !important;}&#8221;][\/vc_column][vc_column width=&#8221;1\/2&#8243; dfd_column_responsive_enable=&#8221;dfd-column-responsive-enable&#8221; col_shadow=&#8221;box_shadow_enable:disable|shadow_horizontal:0|shadow_vertical:15|shadow_blur:50|shadow_spread:0|box_shadow_color:rgba(0%2C0%2C0%2C.35)&#8221; col_shadow_hover=&#8221;box_shadow_enable:disable|shadow_horizontal:0|shadow_vertical:15|shadow_blur:50|shadow_spread:0|box_shadow_color:rgba(0%2C0%2C0%2C.35)&#8221; responsive_styles=&#8221;padding_left_desktop:10|padding_right_desktop:10&#8243;][vc_column_text css=&#8221;.vc_custom_1651231783843{padding-right: 10px !important;padding-left: 10px !important;}&#8221;]<\/p>\n<p style=\"text-align: justify;\">Linksys od momentu za\u0142o\u017cenia w 1988 roku jest pionierem w dziedzinie sieci bezprzewodowych i przewodowych.<\/p>\n<p style=\"text-align: justify;\">Przez ca\u0142\u0105 swoj\u0105 histori\u0119 Linksys dostarcza\u0142 wiod\u0105ce produkty sieciowe z\u00a0innowacyjnymi technologiami, silnym naciskiem na bezpiecze\u0144stwo sieci i Internetu, z inteligentnym i uproszczonym dla u\u017cytkownika wzornictwem.<\/p>\n<p style=\"text-align: justify;\">Celem Linksys jest u\u0142atwienie \u017cycia i uczynienie go bardziej zaawansowanym\u00a0technologicznie, uproszczenie kontroli nad domem i firm\u0105, uczynienie dost\u0119pu\u00a0do Internetu jeszcze bezpieczniejszym i bardziej przyst\u0119pnym dzi\u0119ki\u00a0innowacyjnym funkcjom i aplikacjom.<\/p>\n<p>&nbsp;<\/p>\n<h4>Masz pytania?<br \/>\nSkorzystaj z naszego <a href=\"https:\/\/linksys.pl\/?page_id=134\">formularza kontaktowego<\/a>.<\/h4>\n<p>[\/vc_column_text][\/vc_column][\/vc_row]<\/p>\n","protected":false},"excerpt":{"rendered":"<p>[vc_row force_equal_height_columns=&#8221;main_row&#8221; dfd_row_responsive_enable=&#8221;dfd-row-responsive-enable&#8221; mobile_destroy_equal_heights=&#8221;yes&#8221; responsive_styles=&#8221;padding_top_desktop:10|padding_bottom_desktop:10|padding_left_desktop:10|padding_right_desktop:10&#8243;][vc_column width=&#8221;1\/2&#8243;][vc_single_image image=&#8221;1923&#8243; img_size=&#8221;full&#8221; alignment=&#8221;center&#8221; css=&#8221;.vc_custom_1651231709785{padding-top: 5px !important;padding-right: 5px !important;padding-bottom: 5px !important;padding-left: 5px !important;}&#8221;][\/vc_column][vc_column width=&#8221;1\/2&#8243; dfd_column_responsive_enable=&#8221;dfd-column-responsive-enable&#8221; col_shadow=&#8221;box_shadow_enable:disable|shadow_horizontal:0|shadow_vertical:15|shadow_blur:50|shadow_spread:0|box_shadow_color:rgba(0%2C0%2C0%2C.35)&#8221; col_shadow_hover=&#8221;box_shadow_enable:disable|shadow_horizontal:0|shadow_vertical:15|shadow_blur:50|shadow_spread:0|box_shadow_color:rgba(0%2C0%2C0%2C.35)&#8221; responsive_styles=&#8221;padding_left_desktop:10|padding_right_desktop:10&#8243;][vc_column_text css=&#8221;.vc_custom_1651231783843{padding-right: 10px !important;padding-left: 10px !important;}&#8221;] Linksys od<\/p>\n","protected":false},"author":2,"featured_media":0,"parent":0,"menu_order":0,"comment_status":"closed","ping_status":"closed","template":"tmp-blog.php","meta":[],"_links":{"self":[{"href":"https:\/\/linksys.pl\/index.php?rest_route=\/wp\/v2\/pages\/20"}],"collection":[{"href":"https:\/\/linksys.pl\/index.php?rest_route=\/wp\/v2\/pages"}],"about":[{"href":"https:\/\/linksys.pl\/index.php?rest_route=\/wp\/v2\/types\/page"}],"author":[{"embeddable":true,"href":"https:\/\/linksys.pl\/index.php?rest_route=\/wp\/v2\/users\/2"}],"replies":[{"embeddable":true,"href":"https:\/\/linksys.pl\/index.php?rest_route=%2Fwp%2Fv2%2Fcomments&post=20"}],"version-history":[{"count":68,"href":"https:\/\/linksys.pl\/index.php?rest_route=\/wp\/v2\/pages\/20\/revisions"}],"predecessor-version":[{"id":1926,"href":"https:\/\/linksys.pl\/index.php?rest_route=\/wp\/v2\/pages\/20\/revisions\/1926"}],"wp:attachment":[{"href":"https:\/\/linksys.pl\/index.php?rest_route=%2Fwp%2Fv2%2Fmedia&parent=20"}],"curies":[{"name":"wp","href":"https:\/\/api.w.org\/{rel}","templated":true}]}}