{"id":1430,"date":"2022-04-08T09:21:16","date_gmt":"2022-04-08T07:21:16","guid":{"rendered":"https:\/\/linksys.pl\/?page_id=1430"},"modified":"2022-04-08T09:39:02","modified_gmt":"2022-04-08T07:39:02","slug":"uchwyt-scienny-linksys-velop-wha0301","status":"publish","type":"page","link":"https:\/\/linksys.pl\/?page_id=1430","title":{"rendered":"Uchwyt \u015bcienny Linksys Velop (WHA0301)"},"content":{"rendered":"<p>[vc_row][vc_column][vc_gallery interval=&#8221;10&#8243; images=&#8221;1435,1436,1437,1438,1439,1440,1441,1442&#8243; img_size=&#8221;full&#8221; css=&#8221;.vc_custom_1649402790677{padding-top: 10px !important;}&#8221;]<div class=\"dfd-heading-shortcode\"><div class=\"dfd-heading-module-wrap  text-center style_01 dfd-heading-69f9dff4c4c35 dfd-disable-resposive-headings\" id=\"dfd-heading-69f9dff4c4c35\" ><div class=\"inline-block\"><div class=\"dfd-heading-module\"><h5 class=\"widget-title dfd-title \" style=\"\"><\/p>\n<h1>Uchwyt \u015bcienny Linksys Velop (WHA0301)<\/h1>\n<p>&nbsp;<\/h5><div class=\"dfd-heading-delimiter\"><\/div><\/div><\/div><\/div><script type=\"text\/javascript\">\r\n\t\t\t\t\t\t\t\t\t(function($) {\r\n\t\t\t\t\t\t\t\t\t\t$(\"head\").append(\"<style>.dfd-heading-69f9dff4c4c35.dfd-heading-module-wrap .dfd-heading-module .dfd-heading-delimiter {border-bottom-style:solid;border-bottom-width:1px;width:100px;border-bottom-color:#dddddd;}.dfd-heading-69f9dff4c4c35.dfd-heading-module-wrap .dfd-heading-module .dfd-heading-delimiter {margin-top:10px;margin-bottom:10px;}<\/style>\");\r\n\t\t\t\t\t\t\t\t\t})(jQuery);\r\n\t\t\t\t\t\t\t\t<\/script><\/div>[\/vc_column][\/vc_row][vc_row dfd_row_responsive_enable=&#8221;dfd-row-responsive-enable&#8221; responsive_styles=&#8221;margin_right_desktop:10|border_left_desktop:10|border_right_desktop:10|padding_top_desktop:10|padding_left_desktop:10|padding_right_desktop:10|margin_top_tablet:0|margin_bottom_tablet:0|margin_left_tablet:0|margin_right_tablet:0|border_top_tablet:10|border_bottom_tablet:10|border_left_tablet:10|border_right_tablet:10|padding_top_tablet:10|padding_bottom_tablet:10|padding_left_tablet:10|padding_right_tablet:10|margin_left_mobile:0|margin_right_mobile:0|border_top_mobile:10|border_bottom_mobile:10|border_left_mobile:10|border_right_mobile:10|padding_top_mobile:10|padding_bottom_mobile:10|padding_left_mobile:10|padding_right_mobile:10&#8243;][vc_column dfd_column_responsive_enable=&#8221;dfd-column-responsive-enable&#8221; css=&#8221;.vc_custom_1648216253754{padding-top: 10px !important;}&#8221; col_shadow=&#8221;box_shadow_enable:disable|shadow_horizontal:0|shadow_vertical:15|shadow_blur:50|shadow_spread:0|box_shadow_color:rgba(0%2C0%2C0%2C.35)&#8221; col_shadow_hover=&#8221;box_shadow_enable:disable|shadow_horizontal:0|shadow_vertical:15|shadow_blur:50|shadow_spread:0|box_shadow_color:rgba(0%2C0%2C0%2C.35)&#8221; responsive_styles=&#8221;margin_left_desktop:10|margin_right_desktop:10|border_left_desktop:10|border_right_desktop:10|padding_left_desktop:10|padding_right_desktop:10&#8243;][vc_column_text]<\/p>\n<h6><strong>Zamontuj w\u0119z\u0142y Velop na niemal ka\u017cdej \u015bcianie dzi\u0119ki temu eleganckiemu, oszcz\u0119dzaj\u0105cemu miejsce uchwytowi \u015bciennemu. Zainstaluj w\u0119z\u0142y Velop w ca\u0142ym domu lub firmie &#8211; w korytarzach, kuchniach, holach, salach konferencyjnych i innych miejscach.<\/strong><\/h6>\n<h6><\/h6>\n<p>[\/vc_column_text][\/vc_column][\/vc_row][vc_row dfd_row_responsive_enable=&#8221;dfd-row-responsive-enable&#8221; css=&#8221;.vc_custom_1649333851288{padding-top: 10px !important;}&#8221; responsive_styles=&#8221;margin_right_desktop:1|padding_top_desktop:10|padding_bottom_desktop:10|padding_left_desktop:10|padding_right_desktop:10|border_top_tablet:10|border_bottom_tablet:10|border_left_tablet:10|border_right_tablet:10|padding_top_tablet:10|padding_bottom_tablet:10|padding_left_tablet:10|padding_right_tablet:10|margin_top_mobile:0|margin_bottom_mobile:0|margin_left_mobile:0|margin_right_mobile:0|border_top_mobile:10|border_bottom_mobile:10|border_left_mobile:10|border_right_mobile:10|padding_top_mobile:10|padding_bottom_mobile:10|padding_left_mobile:10|padding_right_mobile:10&#8243;][vc_column css=&#8221;.vc_custom_1648215032197{padding-top: 10px !important;}&#8221; col_shadow=&#8221;box_shadow_enable:disable|shadow_horizontal:0|shadow_vertical:15|shadow_blur:50|shadow_spread:0|box_shadow_color:rgba(0%2C0%2C0%2C.35)&#8221; col_shadow_hover=&#8221;box_shadow_enable:disable|shadow_horizontal:0|shadow_vertical:15|shadow_blur:50|shadow_spread:0|box_shadow_color:rgba(0%2C0%2C0%2C.35)&#8221;][vc_column_text]<\/p>\n<h4>ZOPTYMALIZUJ SW\u00d3J SYSTEM MESH WIFI<\/h4>\n<p>Tw\u00f3j w\u0119ze\u0142 Velop z technologi\u0105 Intelligent Mesh\u2122 ju\u017c pomaga ci w rozmieszczeniu w\u0119z\u0142a. Uchwyt \u015bcienny sprawia, \u017ce jeszcze \u0142atwiej jest zainstalowa\u0107 system Velop WiFi mesh dla optymalnego pokrycia. Wbudowany system zarz\u0105dzania kablami pozwala na schludne zwini\u0119cie nadmiaru kabli w uchwycie dla uzyskania eleganckiego, schludnego wygl\u0105du.[\/vc_column_text]<div class=\"dfd-spacer-module\"  data-units=\"px\" data-wide_resolution=\"1280\" data-wide_size=\"25\" data-normal_resolution=\"1024\" data-normal_size=\"10\" data-tablet_resolution=\"800\" data-tablet_size=\"10\" data-mobile_resolution=\"480\" data-mobile_size=\"10\" style=\"height: 25px;\"><\/div>[vc_column_text]<\/p>\n<h4>PASUJE DO WSZYSTKICH W\u0118Z\u0141\u00d3W VELOP<\/h4>\n<p>Do\u0142\u0105czone wk\u0142adki umo\u017cliwiaj\u0105 dopasowanie uchwytu \u015bciennego zar\u00f3wno do wi\u0119kszego modelu Premium, jak i mniejszego modelu Basic.[\/vc_column_text][vc_single_image image=&#8221;1444&#8243; img_size=&#8221;full&#8221; alignment=&#8221;center&#8221;]<div class=\"dfd-spacer-module\"  data-units=\"px\" data-wide_resolution=\"1280\" data-wide_size=\"25\" data-normal_resolution=\"1024\" data-normal_size=\"10\" data-tablet_resolution=\"800\" data-tablet_size=\"10\" data-mobile_resolution=\"480\" data-mobile_size=\"10\" style=\"height: 25px;\"><\/div>[\/vc_column][\/vc_row][vc_row dfd_row_responsive_enable=&#8221;dfd-row-responsive-enable&#8221; responsive_styles=&#8221;margin_top_desktop:10|margin_bottom_desktop:10|margin_left_desktop:10|margin_right_desktop:10|border_top_desktop:10|border_bottom_desktop:10|border_left_desktop:10|border_right_desktop:10|padding_top_desktop:10|padding_bottom_desktop:10|padding_left_desktop:10|padding_right_desktop:10|border_top_tablet:10|border_bottom_tablet:10|border_left_tablet:10|border_right_tablet:10|padding_top_tablet:10|padding_bottom_tablet:10|padding_left_tablet:10|padding_right_tablet:10|border_top_mobile:10|border_bottom_mobile:10|border_left_mobile:10|border_right_mobile:10|padding_top_mobile:10|padding_bottom_mobile:10|padding_left_mobile:10|padding_right_mobile:10&#8243;][vc_column column_responsive_mobile_resolutions=&#8221;dfd-apply-laptop,dfd-apply-tablet,dfd-apply-mobile&#8221; dfd_column_responsive_enable=&#8221;dfd-column-responsive-enable&#8221; css=&#8221;.vc_custom_1648215020292{padding-top: 10px !important;}&#8221; col_shadow=&#8221;box_shadow_enable:disable|shadow_horizontal:0|shadow_vertical:15|shadow_blur:50|shadow_spread:0|box_shadow_color:rgba(0%2C0%2C0%2C.35)&#8221; col_shadow_hover=&#8221;box_shadow_enable:disable|shadow_horizontal:0|shadow_vertical:15|shadow_blur:50|shadow_spread:0|box_shadow_color:rgba(0%2C0%2C0%2C.35)&#8221; responsive_styles=&#8221;padding_top_desktop:10&#8243;][vc_column_text]<\/p>\n<h4>\u0141ATWY DO ZAINSTALOWANIA<\/h4>\n<p>Uchwyt \u015bcienny Velop jest dostarczany ze wszystkimi \u015brubami i kotwami potrzebnymi do \u0142atwej i bezpiecznej instalacji. Umie\u015b\u0107 uchwyt w pobli\u017cu gniazdka elektrycznego, aby zasili\u0107 w\u0119ze\u0142 Velop.[\/vc_column_text]<div class=\"dfd-spacer-module\"  data-units=\"px\" data-wide_resolution=\"1280\" data-wide_size=\"25\" data-normal_resolution=\"1024\" data-normal_size=\"10\" data-tablet_resolution=\"800\" data-tablet_size=\"10\" data-mobile_resolution=\"480\" data-mobile_size=\"10\" style=\"height: 25px;\"><\/div>[vc_video align=&#8221;center&#8221; link=&#8221;https:\/\/www.youtube.com\/watch?v=uBNtZfqQ2FA&#8221;]<div class=\"dfd-spacer-module\"  data-units=\"px\" data-wide_resolution=\"1280\" data-wide_size=\"25\" data-normal_resolution=\"1024\" data-normal_size=\"10\" data-tablet_resolution=\"800\" data-tablet_size=\"10\" data-mobile_resolution=\"480\" data-mobile_size=\"10\" style=\"height: 25px;\"><\/div><div class=\"dfd-heading-shortcode\"><div class=\"dfd-heading-module-wrap  text-center style_01 dfd-heading-69f9dff4c4d7c dfd-disable-resposive-headings\" id=\"dfd-heading-69f9dff4c4d7c\" ><div class=\"inline-block\"><div class=\"dfd-heading-module\"><h5 class=\"widget-title dfd-title \" style=\"font-family:Lato; font-weight:400; font-style:normal; \"><\/p>\n<h2><strong>Dane techniczne<\/strong><\/h2>\n<p><\/h5><div class=\"dfd-heading-delimiter\"><\/div><\/div><\/div><\/div><script type=\"text\/javascript\">\r\n\t\t\t\t\t\t\t\t\t(function($) {\r\n\t\t\t\t\t\t\t\t\t\t$(\"head\").append(\"<style>.dfd-heading-69f9dff4c4d7c.dfd-heading-module-wrap .dfd-heading-module .dfd-heading-delimiter {border-bottom-style:solid;border-bottom-width:1px;width:100px;border-bottom-color:#dddddd;}.dfd-heading-69f9dff4c4d7c.dfd-heading-module-wrap .dfd-heading-module .dfd-heading-delimiter {margin-top:10px;margin-bottom:10px;}<\/style>\");\r\n\t\t\t\t\t\t\t\t\t})(jQuery);\r\n\t\t\t\t\t\t\t\t<\/script><\/div>[\/vc_column][\/vc_row][vc_row dfd_row_responsive_enable=&#8221;dfd-row-responsive-enable&#8221; responsive_styles=&#8221;margin_top_mobile:10|margin_bottom_mobile:10|margin_left_mobile:10|margin_right_mobile:10|border_top_mobile:10|border_bottom_mobile:10|border_left_mobile:10|border_right_mobile:10|padding_top_mobile:10|padding_bottom_mobile:10|padding_left_mobile:10|padding_right_mobile:10&#8243;][vc_column][vc_column_text]<strong>Wymiary (LxWxH):<\/strong><\/p>\n<p>78 mm szer. x 93 mm g\u0142\u0119b. x 110,73 mm wys.<\/p>\n<hr \/>\n<p><strong>Waga:<\/strong><\/p>\n<p>0,1084 kg \/ 108,4 g<\/p>\n<hr \/>\n<p><strong>Dodatkowe informacje:<\/strong><\/p>\n<p>Do monta\u017cu wymagany jest \u015brubokr\u0119t[\/vc_column_text][\/vc_column][\/vc_row][vc_row][vc_column][vc_column_text]<!-- \/wp:shortcode -->[\/vc_column_text][\/vc_column][\/vc_row]<\/p>\n","protected":false},"excerpt":{"rendered":"<p>[vc_row][vc_column][vc_gallery interval=&#8221;10&#8243; images=&#8221;1435,1436,1437,1438,1439,1440,1441,1442&#8243; img_size=&#8221;full&#8221; css=&#8221;.vc_custom_1649402790677{padding-top: 10px !important;}&#8221;][\/vc_column][\/vc_row][vc_row dfd_row_responsive_enable=&#8221;dfd-row-responsive-enable&#8221; responsive_styles=&#8221;margin_right_desktop:10|border_left_desktop:10|border_right_desktop:10|padding_top_desktop:10|padding_left_desktop:10|padding_right_desktop:10|margin_top_tablet:0|margin_bottom_tablet:0|margin_left_tablet:0|margin_right_tablet:0|border_top_tablet:10|border_bottom_tablet:10|border_left_tablet:10|border_right_tablet:10|padding_top_tablet:10|padding_bottom_tablet:10|padding_left_tablet:10|padding_right_tablet:10|margin_left_mobile:0|margin_right_mobile:0|border_top_mobile:10|border_bottom_mobile:10|border_left_mobile:10|border_right_mobile:10|padding_top_mobile:10|padding_bottom_mobile:10|padding_left_mobile:10|padding_right_mobile:10&#8243;][vc_column dfd_column_responsive_enable=&#8221;dfd-column-responsive-enable&#8221; css=&#8221;.vc_custom_1648216253754{padding-top: 10px !important;}&#8221; col_shadow=&#8221;box_shadow_enable:disable|shadow_horizontal:0|shadow_vertical:15|shadow_blur:50|shadow_spread:0|box_shadow_color:rgba(0%2C0%2C0%2C.35)&#8221; col_shadow_hover=&#8221;box_shadow_enable:disable|shadow_horizontal:0|shadow_vertical:15|shadow_blur:50|shadow_spread:0|box_shadow_color:rgba(0%2C0%2C0%2C.35)&#8221; responsive_styles=&#8221;margin_left_desktop:10|margin_right_desktop:10|border_left_desktop:10|border_right_desktop:10|padding_left_desktop:10|padding_right_desktop:10&#8243;][vc_column_text] Zamontuj w\u0119z\u0142y Velop na niemal ka\u017cdej \u015bcianie dzi\u0119ki temu eleganckiemu, oszcz\u0119dzaj\u0105cemu miejsce uchwytowi \u015bciennemu.<\/p>\n","protected":false},"author":5,"featured_media":0,"parent":4,"menu_order":0,"comment_status":"closed","ping_status":"closed","template":"","meta":[],"_links":{"self":[{"href":"https:\/\/linksys.pl\/index.php?rest_route=\/wp\/v2\/pages\/1430"}],"collection":[{"href":"https:\/\/linksys.pl\/index.php?rest_route=\/wp\/v2\/pages"}],"about":[{"href":"https:\/\/linksys.pl\/index.php?rest_route=\/wp\/v2\/types\/page"}],"author":[{"embeddable":true,"href":"https:\/\/linksys.pl\/index.php?rest_route=\/wp\/v2\/users\/5"}],"replies":[{"embeddable":true,"href":"https:\/\/linksys.pl\/index.php?rest_route=%2Fwp%2Fv2%2Fcomments&post=1430"}],"version-history":[{"count":4,"href":"https:\/\/linksys.pl\/index.php?rest_route=\/wp\/v2\/pages\/1430\/revisions"}],"predecessor-version":[{"id":1445,"href":"https:\/\/linksys.pl\/index.php?rest_route=\/wp\/v2\/pages\/1430\/revisions\/1445"}],"up":[{"embeddable":true,"href":"https:\/\/linksys.pl\/index.php?rest_route=\/wp\/v2\/pages\/4"}],"wp:attachment":[{"href":"https:\/\/linksys.pl\/index.php?rest_route=%2Fwp%2Fv2%2Fmedia&parent=1430"}],"curies":[{"name":"wp","href":"https:\/\/api.w.org\/{rel}","templated":true}]}}