{"id":1417,"date":"2022-04-07T15:31:31","date_gmt":"2022-04-07T13:31:31","guid":{"rendered":"https:\/\/linksys.pl\/?page_id=1417"},"modified":"2022-04-07T16:12:21","modified_gmt":"2022-04-07T14:12:21","slug":"48-portowy-zarzadzany-przelacznik-poe-gigabit-4-porty-sfp-lgs352mpc-eu","status":"publish","type":"page","link":"https:\/\/linksys.pl\/?page_id=1417","title":{"rendered":"48-portowy zarz\u0105dzany prze\u0142\u0105cznik PoE+ Gigabit + 4 porty SFP+ (LGS352MPC-EU)"},"content":{"rendered":"<p>[vc_row][vc_column][vc_column_text]<\/p>\n<div>\n<p>[\/vc_column_text][\/vc_column][\/vc_row][vc_row][vc_column][vc_gallery interval=&#8221;10&#8243; images=&#8221;1420,1421,1422,1423&#8243; img_size=&#8221;full&#8221; css=&#8221;.vc_custom_1649339402716{padding-top: 10px !important;}&#8221;][\/vc_column][\/vc_row][vc_row dfd_row_responsive_enable=&#8221;dfd-row-responsive-enable&#8221; responsive_styles=&#8221;margin_top_desktop:10|margin_bottom_desktop:10|margin_left_desktop:10|margin_right_desktop:10|border_top_desktop:10|border_bottom_desktop:10|border_left_desktop:10|border_right_desktop:10|padding_bottom_desktop:10|padding_left_desktop:10|padding_right_desktop:10|border_top_tablet:10|border_bottom_tablet:10|border_left_tablet:10|border_right_tablet:10|padding_top_tablet:10|padding_bottom_tablet:10|padding_left_tablet:10|padding_right_tablet:10|border_top_mobile:10|border_bottom_mobile:10|border_left_mobile:10|border_right_mobile:10|padding_top_mobile:10|padding_bottom_mobile:10|padding_left_mobile:10|padding_right_mobile:10&#8243;][vc_column]<div class=\"dfd-heading-shortcode\"><div class=\"dfd-heading-module-wrap  text-center style_01 dfd-heading-6a0066d4e9881 dfd-disable-resposive-headings\" id=\"dfd-heading-6a0066d4e9881\" ><div class=\"inline-block\"><div class=\"dfd-heading-module\"><h5 class=\"widget-title dfd-title \" style=\"\"><\/p>\n<h1>48-portowy zarz\u0105dzany prze\u0142\u0105cznik PoE+ Gigabit + 4 porty SFP+ (LGS352MPC-EU)<\/h1>\n<p>&nbsp;<\/h5><div class=\"dfd-heading-delimiter\"><\/div><\/div><\/div><\/div><script type=\"text\/javascript\">\r\n\t\t\t\t\t\t\t\t\t(function($) {\r\n\t\t\t\t\t\t\t\t\t\t$(\"head\").append(\"<style>.dfd-heading-6a0066d4e9881.dfd-heading-module-wrap .dfd-heading-module .dfd-heading-delimiter {border-bottom-style:solid;border-bottom-width:1px;width:100px;border-bottom-color:#dddddd;}.dfd-heading-6a0066d4e9881.dfd-heading-module-wrap .dfd-heading-module .dfd-heading-delimiter {margin-top:10px;margin-bottom:10px;}<\/style>\");\r\n\t\t\t\t\t\t\t\t\t})(jQuery);\r\n\t\t\t\t\t\t\t\t<\/script><\/div>[\/vc_column][\/vc_row][vc_row dfd_row_responsive_enable=&#8221;dfd-row-responsive-enable&#8221; responsive_styles=&#8221;margin_top_desktop:0|margin_bottom_desktop:0|margin_left_desktop:10|margin_right_desktop:10|border_top_desktop:0|border_bottom_desktop:0|border_left_desktop:10|border_right_desktop:10|padding_top_desktop:0|padding_bottom_desktop:0|padding_left_desktop:10|padding_right_desktop:10|border_top_tablet:0|border_bottom_tablet:0|border_left_tablet:10|border_right_tablet:10|padding_top_tablet:0|padding_bottom_tablet:0|padding_left_tablet:10|padding_right_tablet:10|border_top_mobile:10|border_bottom_mobile:10|border_left_mobile:10|border_right_mobile:10|padding_top_mobile:10|padding_bottom_mobile:10|padding_left_mobile:10|padding_right_mobile:10&#8243;][vc_column][vc_column_text]<\/p>\n<h6><strong>Dzi\u0119ki nowej linii inteligentnych zarz\u0105dzalnych prze\u0142\u0105cznik\u00f3w PoE+ firmy Linksys otrzymujesz wi\u0119kszy ni\u017c kiedykolwiek wcze\u015bniej ca\u0142kowity bud\u017cet mocy. Oznacza to zasilanie wi\u0119kszej ilo\u015bci urz\u0105dze\u0144 PoE przy u\u017cyciu mniejszej ilo\u015bci prze\u0142\u0105cznik\u00f3w, co zwi\u0119ksza warto\u015b\u0107 Twojej sieci.<\/strong><\/h6>\n<p>&nbsp;<\/p>\n<h6><strong>\u00a0<\/strong><\/h6>\n<h6><\/h6>\n<p>[\/vc_column_text][vc_column_text]Porty SFP mo\u017cna wykorzysta\u0107 do po\u0142\u0105czenia z innymi prze\u0142\u0105cznikami lub z sieci\u0105 podstawow\u0105, bez konieczno\u015bci rezygnowania z jednego z istniej\u0105cych port\u00f3w PoE+. Ponadto w naszych 24- i 48-portowych prze\u0142\u0105cznikach dost\u0119pne s\u0105 szybkie porty 10G SFP+, kt\u00f3re zapewniaj\u0105 maksymaln\u0105 przepustowo\u015b\u0107 dla urz\u0105dze\u0144 brzegowych.[\/vc_column_text]<div class=\"dfd-spacer-module\"  data-units=\"px\" data-wide_resolution=\"1280\" data-wide_size=\"25\" data-normal_resolution=\"1024\" data-normal_size=\"15\" data-tablet_resolution=\"800\" data-tablet_size=\"15\" data-mobile_resolution=\"480\" data-mobile_size=\"15\" style=\"height: 25px;\"><\/div>[vc_single_image image=&#8221;1424&#8243; img_size=&#8221;full&#8221; alignment=&#8221;center&#8221;]<div class=\"dfd-spacer-module\"  data-units=\"px\" data-wide_resolution=\"1280\" data-wide_size=\"25\" data-normal_resolution=\"1024\" data-normal_size=\"10\" data-tablet_resolution=\"800\" data-tablet_size=\"10\" data-mobile_resolution=\"480\" data-mobile_size=\"10\" style=\"height: 25px;\"><\/div>[\/vc_column][\/vc_row][vc_row dfd_row_responsive_enable=&#8221;dfd-row-responsive-enable&#8221; responsive_styles=&#8221;margin_top_desktop:10|margin_bottom_desktop:10|margin_left_desktop:10|margin_right_desktop:10|border_top_desktop:10|border_bottom_desktop:10|border_left_desktop:10|border_right_desktop:10|padding_top_desktop:10|padding_bottom_desktop:10|padding_left_desktop:10|padding_right_desktop:10|border_top_tablet:10|border_bottom_tablet:10|border_left_tablet:10|border_right_tablet:10|padding_top_tablet:10|padding_bottom_tablet:10|padding_left_tablet:10|padding_right_tablet:10|border_top_mobile:10|border_bottom_mobile:10|border_left_mobile:10|border_right_mobile:10|padding_top_mobile:10|padding_bottom_mobile:10|padding_left_mobile:10|padding_right_mobile:10&#8243;][vc_column][\/vc_column][\/vc_row][vc_row dfd_row_responsive_enable=&#8221;dfd-row-responsive-enable&#8221; responsive_styles=&#8221;margin_top_desktop:10|margin_bottom_desktop:10|margin_left_desktop:10|margin_right_desktop:10|border_top_desktop:10|border_bottom_desktop:10|border_left_desktop:10|border_right_desktop:10|padding_top_desktop:10|padding_bottom_desktop:10|padding_left_desktop:10|padding_right_desktop:10|border_top_tablet:10|border_bottom_tablet:10|border_left_tablet:10|border_right_tablet:10|padding_top_tablet:10|padding_bottom_tablet:10|padding_left_tablet:10|padding_right_tablet:10|border_top_mobile:10|border_bottom_mobile:10|border_left_mobile:10|border_right_mobile:10|padding_top_mobile:10|padding_bottom_mobile:10|padding_left_mobile:10|padding_right_mobile:10&#8243;][vc_column][vc_column_text]<\/p>\n<h4>ZAAWANSOWANE ZABEZPIECZENIA, QOS I STATYCZNE TRASOWANIE<\/h4>\n<p>Zabezpiecz i zoptymalizuj swoj\u0105 inteligentnie zarz\u0105dzan\u0105 sie\u0107 dzi\u0119ki zaawansowanym funkcjom bezpiecze\u0144stwa i QoS. Ponadto bezp\u0142atnie dodali\u015bmy routing statyczny, kt\u00f3ry zwykle jest dost\u0119pny tylko w prze\u0142\u0105cznikach wy\u017cszej klasy.[\/vc_column_text][\/vc_column][\/vc_row][vc_row][vc_column]<div class=\"dfd-spacer-module\"  data-units=\"px\" data-wide_resolution=\"1280\" data-wide_size=\"25\" data-normal_resolution=\"1024\" data-normal_size=\"10\" data-tablet_resolution=\"800\" data-tablet_size=\"10\" data-mobile_resolution=\"480\" data-mobile_size=\"10\" style=\"height: 25px;\"><\/div>[\/vc_column][\/vc_row][vc_row dfd_row_responsive_enable=&#8221;dfd-row-responsive-enable&#8221; responsive_styles=&#8221;margin_top_desktop:10|margin_bottom_desktop:10|margin_left_desktop:10|margin_right_desktop:10|border_top_desktop:10|border_bottom_desktop:10|border_left_desktop:10|border_right_desktop:10|padding_top_desktop:10|padding_bottom_desktop:10|padding_left_desktop:10|padding_right_desktop:10|border_top_tablet:10|border_bottom_tablet:10|border_left_tablet:10|border_right_tablet:10|padding_top_tablet:10|padding_bottom_tablet:10|padding_left_tablet:10|padding_right_tablet:10|border_top_mobile:10|border_bottom_mobile:10|border_left_mobile:10|border_right_mobile:10|padding_top_mobile:10|padding_bottom_mobile:10|padding_left_mobile:10|padding_right_mobile:10&#8243;][vc_column][vc_column_text]<\/p>\n<h4>JAK TO DZIA\u0141A?<\/h4>\n<p>Prze\u0142\u0105czniki Gigabit PoE+ Linksys Managed mog\u0105 zasila\u0107 urz\u0105dzenia obs\u0142uguj\u0105ce PoE+, takie jak kamery monitoringu, punkty dost\u0119powe, systemy kontroli dost\u0119pu do drzwi, telefony VoIP i systemy ProAV. Eliminuje to konieczno\u015b\u0107 stosowania dodatkowych kabli zasilaj\u0105cych i gniazdek, dzi\u0119ki czemu instalacja jest prostsza i ta\u0144sza.[\/vc_column_text]<div class=\"dfd-spacer-module\"  data-units=\"px\" data-wide_resolution=\"1280\" data-wide_size=\"25\" data-normal_resolution=\"1024\" data-normal_size=\"10\" data-tablet_resolution=\"800\" data-tablet_size=\"10\" data-mobile_resolution=\"480\" data-mobile_size=\"10\" style=\"height: 25px;\"><\/div><div class=\"dfd-spacer-module\"  data-units=\"px\" data-wide_resolution=\"1280\" data-wide_size=\"15\" data-normal_resolution=\"1024\" data-normal_size=\"\" data-tablet_resolution=\"800\" data-tablet_size=\"\" data-mobile_resolution=\"480\" data-mobile_size=\"\" style=\"height: 15px;\"><\/div>[vc_single_image image=&#8221;1426&#8243; img_size=&#8221;full&#8221; alignment=&#8221;center&#8221;][\/vc_column][\/vc_row][vc_row dfd_row_responsive_enable=&#8221;dfd-row-responsive-enable&#8221; responsive_styles=&#8221;margin_top_desktop:10|margin_bottom_desktop:10|margin_left_desktop:10|margin_right_desktop:10|border_top_desktop:10|border_bottom_desktop:10|border_left_desktop:10|border_right_desktop:10|padding_top_desktop:10|padding_bottom_desktop:10|padding_left_desktop:10|padding_right_desktop:10|border_top_tablet:10|border_bottom_tablet:10|border_left_tablet:10|border_right_tablet:10|padding_top_tablet:10|padding_bottom_tablet:10|padding_left_tablet:10|padding_right_tablet:10|border_top_mobile:10|border_bottom_mobile:10|border_left_mobile:10|border_right_mobile:10|padding_top_mobile:10|padding_bottom_mobile:10|padding_left_mobile:10|padding_right_mobile:10&#8243;][vc_column]<div class=\"dfd-heading-shortcode\"><div class=\"dfd-heading-module-wrap  text-center style_01 dfd-heading-6a0066d4e9a2c dfd-disable-resposive-headings\" id=\"dfd-heading-6a0066d4e9a2c\" ><div class=\"inline-block\"><div class=\"dfd-heading-module\"><h5 class=\"widget-title dfd-title \" style=\"\"><\/p>\n<h2>Dane techniczne<\/h2>\n<p><\/h5><div class=\"dfd-heading-delimiter\"><\/div><\/div><\/div><\/div><script type=\"text\/javascript\">\r\n\t\t\t\t\t\t\t\t\t(function($) {\r\n\t\t\t\t\t\t\t\t\t\t$(\"head\").append(\"<style>.dfd-heading-6a0066d4e9a2c.dfd-heading-module-wrap .dfd-heading-module .dfd-heading-delimiter {border-bottom-style:solid;border-bottom-width:1px;width:100px;border-bottom-color:#dddddd;}.dfd-heading-6a0066d4e9a2c.dfd-heading-module-wrap .dfd-heading-module .dfd-heading-delimiter {margin-top:10px;margin-bottom:10px;}<\/style>\");\r\n\t\t\t\t\t\t\t\t\t})(jQuery);\r\n\t\t\t\t\t\t\t\t<\/script><\/div><div class=\"dfd-spacer-module\"  data-units=\"px\" data-wide_resolution=\"1280\" data-wide_size=\"15\" data-normal_resolution=\"1024\" data-normal_size=\"\" data-tablet_resolution=\"800\" data-tablet_size=\"\" data-mobile_resolution=\"480\" data-mobile_size=\"\" style=\"height: 15px;\"><\/div>[\/vc_column][\/vc_row][vc_row dfd_row_responsive_enable=&#8221;dfd-row-responsive-enable&#8221; responsive_styles=&#8221;margin_top_desktop:10|margin_bottom_desktop:10|margin_left_desktop:10|margin_right_desktop:10|border_top_desktop:10|border_bottom_desktop:10|border_left_desktop:10|border_right_desktop:10|padding_top_desktop:10|padding_bottom_desktop:10|padding_left_desktop:10|padding_right_desktop:10|border_top_tablet:10|border_bottom_tablet:10|border_left_tablet:10|border_right_tablet:10|padding_top_tablet:10|padding_bottom_tablet:10|padding_left_tablet:10|padding_right_tablet:10|border_top_mobile:10|border_bottom_mobile:10|border_left_mobile:10|border_right_mobile:10|padding_top_mobile:10|padding_bottom_mobile:10|padding_left_mobile:10|padding_right_mobile:10&#8243;][vc_column][vc_column_text]<strong>Nazwa modelu:<\/strong><\/p>\n<p>LGS352MPC<\/p>\n<hr \/>\n<p><strong>Routing:<\/strong><\/p>\n<p>Routing statyczny, IPv4 (maks. 63 wpisy), IPv6 (maks. 21 wpis\u00f3w)<\/p>\n<hr \/>\n<p><strong>Porty:<\/strong><\/p>\n<ul>\n<li>48 port\u00f3w Gigabit Ethernet<\/li>\n<li>4 porty 10G SFP+<\/li>\n<\/ul>\n<hr \/>\n<p><strong>Pami\u0119\u0107:<\/strong><\/p>\n<p>512 MB<\/p>\n<hr \/>\n<p><strong>Diody LED:<\/strong><\/p>\n<p>Power, Fault, PoE Max, LAN Mode, PoE Mode<\/p>\n<hr \/>\n<p><strong>Szybko\u015b\u0107 przesy\u0142ania:<\/strong><\/p>\n<p>130,95 Mpps<\/p>\n<hr \/>\n<p><strong>Wydajno\u015b\u0107 prze\u0142\u0105czania:<\/strong><\/p>\n<p>176 Gbps<\/p>\n<hr \/>\n<p><strong>Rozmiar tablicy adres\u00f3w MAC:<\/strong><\/p>\n<p>32K<\/p>\n<hr \/>\n<p><strong>Jumbo Frame (FE, GE):<\/strong><\/p>\n<p>12Kbytes<\/p>\n<hr \/>\n<p><strong>Wentylatory:<\/strong><\/p>\n<p>3, 8200 obr\/min (przy pe\u0142nej pr\u0119dko\u015bci)<\/p>\n<hr \/>\n<p><strong>Wymiary (LxWxH):<\/strong><\/p>\n<ul>\n<li>440 x 410 x 44 mm<\/li>\n<li>17,32 x 16,14 x 1,73 cala<\/li>\n<\/ul>\n<hr \/>\n<p><strong>Waga:<\/strong><\/p>\n<p>4707 g (10,38 lb)<\/p>\n<hr \/>\n<p><strong>Pob\u00f3r mocy:<\/strong><\/p>\n<p>885W<\/p>\n<hr \/>\n<p><strong>Moc dedykowana dla PoE+:<\/strong><\/p>\n<p>740W<\/p>\n<hr \/>\n<p><strong>Wej\u015bcie zasilania:<\/strong><\/p>\n<ul>\n<li>100-240V<\/li>\n<li>50-60 Hz<\/li>\n<li>12A<\/li>\n<\/ul>\n<hr \/>\n<p><strong>Oszcz\u0119dno\u015b\u0107 energii:<\/strong><\/p>\n<p>EEE<\/p>\n<hr \/>\n<p><strong>Temperatura pracy:<\/strong><\/p>\n<p>0 do 50\u00b0C (32 do 122\u00b0F)<\/p>\n<hr \/>\n<p><strong>Temperatura przechowywania:<\/strong><\/p>\n<p>-20 do 70\u00b0C (-4 do 158\u00b0F)<\/p>\n<hr \/>\n<p><strong>Wilgotno\u015b\u0107 pracy:<\/strong><\/p>\n<p>10 do 90% RH<\/p>\n<hr \/>\n<p><strong>Wilgotno\u015b\u0107 przechowywania:<\/strong><\/p>\n<p>5 do 95% RH (bez kondensacji)<\/p>\n<hr \/>\n<p><strong>Spanning Tree:<\/strong><\/p>\n<p>IEEE 802.1d Spanning Tree, IEEE 802.1w Rapid Spanning Tree, IEEE 802.1s Multiple Spanning Trees (16 instancji) IGMP, MLD<\/p>\n<hr \/>\n<p><strong>Agregacja \u0142\u0105czy:<\/strong><\/p>\n<p>IEEE 802.3ad LACP, do 8 grup z maks. 8 portami na grup\u0119<\/p>\n<hr \/>\n<p><strong>VLAN:<\/strong><\/p>\n<p>VLAN oparty na portach i 802.1q, Management VLAN, obs\u0142uga Guest VLAN<\/p>\n<hr \/>\n<p><strong>Liczba obs\u0142ugiwanych sieci VLAN:<\/strong><\/p>\n<p>256 aktywnych sieci VLAN (zakres 4096)<\/p>\n<hr \/>\n<p><strong>Auto Voice VLAN:<\/strong><\/p>\n<p>Ruch g\u0142osowy jest automatycznie przypisywany przez OUI do sieci VLAN specyficznej dla ruchu g\u0142osowego i traktowany z zachowaniem odpowiednich poziom\u00f3w.<\/p>\n<hr \/>\n<p><strong>IGMP Snooping:<\/strong><\/p>\n<p>Funkcja IGMP (v1\/v2\/v3) snooping umo\u017cliwia szybkie do\u0142\u0105czanie klient\u00f3w do strumieni multicastowych i ich opuszczanie oraz ogranicza ruch wideo wymagaj\u0105cy du\u017cej przepustowo\u015bci tylko do \u017c\u0105daj\u0105cych; obs\u0142uguje 256 grup multicastowych.<\/p>\n<hr \/>\n<p><strong>Zapobieganie blokowaniu HOL:<\/strong><\/p>\n<p>Zapobieganie blokowaniu linii HOL (Head of Line)<\/p>\n<hr \/>\n<p><strong>Port Mirroring:<\/strong><\/p>\n<p>Ruch na wielu portach (do 3 port\u00f3w) mo\u017ce by\u0107 odzwierciedlany na innym porcie w celu analizy za pomoc\u0105 analizatora sieci.<\/p>\n<hr \/>\n<p><strong>Funkcje bezpiecze\u0144stwa:<\/strong><\/p>\n<ul>\n<li>Uwierzytelnianie 802.1x Radius<\/li>\n<li>DHCP snooping<\/li>\n<li>Wi\u0105zanie IP-MAC<\/li>\n<li>Bezpiecze\u0144stwo port\u00f3w (maks. 256 wpis\u00f3w na port)<\/li>\n<\/ul>\n<hr \/>\n<p><strong>Storm Control:<\/strong><\/p>\n<p>Obs\u0142uga transmisji broadcast\/unknown multicast\/unknown unicast 16kbps~1000Mbps<\/p>\n<hr \/>\n<p><strong>Quality Of Service:<\/strong><\/p>\n<ul>\n<li>8 kolejek sprz\u0119towych<\/li>\n<li>Rygorystyczna, wa\u017cona runda Robin (WRR)<\/li>\n<li>Oparte na portach, oparte na priorytetach 802.1p, oparte na IPv4\/v6 IP DSCP<\/li>\n<\/ul>\n<hr \/>\n<p><strong>Kontrola dost\u0119pu:<\/strong><\/p>\n<p>Ingress, MC Based ACL, IPv4 Based ACL, IPv6 Based ACL, ACL Binding, Action: permit\/deny<\/p>\n<hr \/>\n<p><strong>RMON:<\/strong><\/p>\n<p>Wbudowana obs\u0142uga agenta oprogramowania do zdalnego monitorowania (RMON 1, 2, 3, 9) w celu usprawnienia zarz\u0105dzania ruchem, monitorowania i analizy.<\/p>\n<hr \/>\n<p><strong>Interfejs zarz\u0105dzania:<\/strong><\/p>\n<ul>\n<li>HTTP<\/li>\n<li>HTTPS<\/li>\n<\/ul>\n<hr \/>\n<p><strong>Inne funkcje zarz\u0105dzania:<\/strong><\/p>\n<p>Telnet, SSH, klient DHCP, dziennik systemowy, przesy\u0142anie konfiguracji i tworzenie kopii zapasowych przez HTTP lub TFTP, PING, Traceroute, podw\u00f3jne obrazy, SNTP<\/p>\n<hr \/>\n<p><strong>SNMP:<\/strong><\/p>\n<ul>\n<li>Wersja 1<\/li>\n<li>Wersja 2c<\/li>\n<li>Wersja 3<\/li>\n<\/ul>\n<hr \/>\n<p><strong>Aktualizacja oprogramowania sprz\u0119towego:<\/strong><\/p>\n<ul>\n<li>Przegl\u0105darka internetowa (HTTP\/HTTPS)<\/li>\n<li>TFTP<\/li>\n<\/ul>\n<hr \/>\n<p><strong>Ograniczanie pr\u0119dko\u015bci<\/strong>:<\/p>\n<p>Ograniczenie pr\u0119dko\u015bci w zale\u017cno\u015bci od pr\u0119dko\u015bci sieci, 12kbps~1000Mbps: w krokach co 16kbps<\/p>\n<hr \/>\n<p><strong>Gwarancja i wsparcie:<\/strong><\/p>\n<ul>\n<li>5 lat gwarancji (wi\u0119kszo\u015b\u0107 kraj\u00f3w)<\/li>\n<li>2 lata gwarancji (Australia i Nowa Zelandia)<\/li>\n<\/ul>\n<p>[\/vc_column_text][\/vc_column][\/vc_row][vc_row][vc_column][vc_row_inner][vc_column_inner][\/vc_column_inner][\/vc_row_inner][\/vc_column][\/vc_row][vc_row][vc_column][vc_column_text]<\/p><\/div>\n<p>[\/vc_column_text][\/vc_column][\/vc_row]<\/p>\n","protected":false},"excerpt":{"rendered":"<p>[vc_row][vc_column][vc_column_text] [\/vc_column_text][\/vc_column][\/vc_row][vc_row][vc_column][vc_gallery interval=&#8221;10&#8243; images=&#8221;1420,1421,1422,1423&#8243; img_size=&#8221;full&#8221; css=&#8221;.vc_custom_1649339402716{padding-top: 10px !important;}&#8221;][\/vc_column][\/vc_row][vc_row dfd_row_responsive_enable=&#8221;dfd-row-responsive-enable&#8221; responsive_styles=&#8221;margin_top_desktop:10|margin_bottom_desktop:10|margin_left_desktop:10|margin_right_desktop:10|border_top_desktop:10|border_bottom_desktop:10|border_left_desktop:10|border_right_desktop:10|padding_bottom_desktop:10|padding_left_desktop:10|padding_right_desktop:10|border_top_tablet:10|border_bottom_tablet:10|border_left_tablet:10|border_right_tablet:10|padding_top_tablet:10|padding_bottom_tablet:10|padding_left_tablet:10|padding_right_tablet:10|border_top_mobile:10|border_bottom_mobile:10|border_left_mobile:10|border_right_mobile:10|padding_top_mobile:10|padding_bottom_mobile:10|padding_left_mobile:10|padding_right_mobile:10&#8243;][vc_column][\/vc_column][\/vc_row][vc_row dfd_row_responsive_enable=&#8221;dfd-row-responsive-enable&#8221; responsive_styles=&#8221;margin_top_desktop:0|margin_bottom_desktop:0|margin_left_desktop:10|margin_right_desktop:10|border_top_desktop:0|border_bottom_desktop:0|border_left_desktop:10|border_right_desktop:10|padding_top_desktop:0|padding_bottom_desktop:0|padding_left_desktop:10|padding_right_desktop:10|border_top_tablet:0|border_bottom_tablet:0|border_left_tablet:10|border_right_tablet:10|padding_top_tablet:0|padding_bottom_tablet:0|padding_left_tablet:10|padding_right_tablet:10|border_top_mobile:10|border_bottom_mobile:10|border_left_mobile:10|border_right_mobile:10|padding_top_mobile:10|padding_bottom_mobile:10|padding_left_mobile:10|padding_right_mobile:10&#8243;][vc_column][vc_column_text] Dzi\u0119ki nowej linii inteligentnych zarz\u0105dzalnych prze\u0142\u0105cznik\u00f3w PoE+ firmy Linksys otrzymujesz wi\u0119kszy ni\u017c kiedykolwiek wcze\u015bniej ca\u0142kowity bud\u017cet mocy. Oznacza<\/p>\n","protected":false},"author":5,"featured_media":0,"parent":4,"menu_order":0,"comment_status":"closed","ping_status":"closed","template":"","meta":[],"_links":{"self":[{"href":"https:\/\/linksys.pl\/index.php?rest_route=\/wp\/v2\/pages\/1417"}],"collection":[{"href":"https:\/\/linksys.pl\/index.php?rest_route=\/wp\/v2\/pages"}],"about":[{"href":"https:\/\/linksys.pl\/index.php?rest_route=\/wp\/v2\/types\/page"}],"author":[{"embeddable":true,"href":"https:\/\/linksys.pl\/index.php?rest_route=\/wp\/v2\/users\/5"}],"replies":[{"embeddable":true,"href":"https:\/\/linksys.pl\/index.php?rest_route=%2Fwp%2Fv2%2Fcomments&post=1417"}],"version-history":[{"count":5,"href":"https:\/\/linksys.pl\/index.php?rest_route=\/wp\/v2\/pages\/1417\/revisions"}],"predecessor-version":[{"id":1428,"href":"https:\/\/linksys.pl\/index.php?rest_route=\/wp\/v2\/pages\/1417\/revisions\/1428"}],"up":[{"embeddable":true,"href":"https:\/\/linksys.pl\/index.php?rest_route=\/wp\/v2\/pages\/4"}],"wp:attachment":[{"href":"https:\/\/linksys.pl\/index.php?rest_route=%2Fwp%2Fv2%2Fmedia&parent=1417"}],"curies":[{"name":"wp","href":"https:\/\/api.w.org\/{rel}","templated":true}]}}