{"id":1256,"date":"2022-04-04T15:35:24","date_gmt":"2022-04-04T13:35:24","guid":{"rendered":"https:\/\/linksys.pl\/?page_id=1256"},"modified":"2022-04-06T12:21:56","modified_gmt":"2022-04-06T10:21:56","slug":"8-portowy-przelacznik-gigabitowy-do-komputerow-stacjonarnych-dla-firm-lgs108","status":"publish","type":"page","link":"https:\/\/linksys.pl\/?page_id=1256","title":{"rendered":"8-portowy prze\u0142\u0105cznik gigabitowy do komputer\u00f3w stacjonarnych dla firm (LGS108)"},"content":{"rendered":"<p>[vc_row][vc_column][vc_column_text][\/vc_column_text][\/vc_column][\/vc_row][vc_row][vc_column][vc_gallery interval=&#8221;10&#8243; images=&#8221;1249,1250,1252,1253,1338&#8243; img_size=&#8221;full&#8221; css=&#8221;.vc_custom_1649240498295{padding-top: 10px !important;}&#8221;][\/vc_column][\/vc_row][vc_row][vc_column][vc_column_text][vc_row][vc_column width=&#8221;1\/1&#8243;][vc_column_text]<br \/>\n[\/vc_column_text][\/vc_column][\/vc_row][vc_row dfd_row_responsive_enable=&#8221;dfd-row-responsive-enable&#8221; responsive_styles=&#8221;margin_top_desktop:10|margin_bottom_desktop:10|margin_left_desktop:10|margin_right_desktop:10|border_top_desktop:10|border_bottom_desktop:10|border_left_desktop:10|border_right_desktop:10|padding_top_desktop:10|padding_bottom_desktop:10|padding_left_desktop:10|padding_right_desktop:10|margin_top_tablet:0|margin_left_tablet:10|border_top_tablet:10|border_bottom_tablet:10|border_left_tablet:10|border_right_tablet:10|padding_top_tablet:10|padding_bottom_tablet:10|padding_left_tablet:10|padding_right_tablet:10|margin_left_mobile:10|margin_right_mobile:10|border_top_mobile:10|border_bottom_mobile:10|border_left_mobile:10|border_right_mobile:10|padding_top_mobile:10|padding_bottom_mobile:10|padding_left_mobile:10|padding_right_mobile:10&#8243;][vc_column]<div class=\"dfd-heading-shortcode\"><div class=\"dfd-heading-module-wrap  text-center style_01 dfd-heading-6a006735294e5 dfd-disable-resposive-headings\" id=\"dfd-heading-6a006735294e5\" ><div class=\"inline-block\"><div class=\"dfd-heading-module\"><h5 class=\"widget-title dfd-title \" style=\"\"><\/p>\n<h1>8-portowy prze\u0142\u0105cznik gigabitowy do komputer\u00f3w stacjonarnych dla firm (LGS108)<\/h1>\n<p class=\"MsoNormal\" style=\"mso-margin-top-alt: auto; mso-margin-bottom-alt: auto; line-height: normal;\"><\/h5><div class=\"dfd-heading-delimiter\"><\/div><\/div><\/div><\/div><script type=\"text\/javascript\">\r\n\t\t\t\t\t\t\t\t\t(function($) {\r\n\t\t\t\t\t\t\t\t\t\t$(\"head\").append(\"<style>.dfd-heading-6a006735294e5.dfd-heading-module-wrap .dfd-heading-module .dfd-heading-delimiter {border-bottom-style:solid;border-bottom-width:1px;width:100px;border-bottom-color:#dddddd;}.dfd-heading-6a006735294e5.dfd-heading-module-wrap .dfd-heading-module .dfd-heading-delimiter {margin-top:10px;margin-bottom:10px;}<\/style>\");\r\n\t\t\t\t\t\t\t\t\t})(jQuery);\r\n\t\t\t\t\t\t\t\t<\/script><\/div>[\/vc_column][\/vc_row][vc_row dfd_row_responsive_enable=&#8221;dfd-row-responsive-enable&#8221; responsive_styles=&#8221;margin_top_desktop:10|margin_bottom_desktop:10|margin_left_desktop:10|margin_right_desktop:10|border_top_desktop:10|border_bottom_desktop:10|border_left_desktop:10|border_right_desktop:10|padding_top_desktop:10|padding_bottom_desktop:10|padding_left_desktop:10|padding_right_desktop:10|margin_top_tablet:0|margin_bottom_tablet:0|margin_left_tablet:10|margin_right_tablet:10|border_top_tablet:10|border_bottom_tablet:10|border_left_tablet:10|border_right_tablet:10|padding_top_tablet:10|padding_bottom_tablet:10|padding_left_tablet:10|padding_right_tablet:10|margin_left_mobile:10|margin_right_mobile:10|border_top_mobile:10|border_bottom_mobile:10|border_left_mobile:10|border_right_mobile:10|padding_top_mobile:10|padding_bottom_mobile:10|padding_left_mobile:10|padding_right_mobile:10&#8243;][vc_column][vc_column_text]<\/p>\n<h6>Prze\u0142\u0105cznik Linksys LGS108 8-Port Business Desktop Gigabit Switch zwi\u0119ksza wydajno\u015b\u0107 lokalnej sieci przewodowej. Ten niezarz\u0105dzalny prze\u0142\u0105cznik, oferuj\u0105cy pi\u0119\u0107 port\u00f3w gigabitowego Ethernetu z automatycznym wykrywaniem b\u0142\u0119d\u00f3w i szybko\u015bci\u0105 po\u0142\u0105czenia przewodowego do 1000 Mb\/s, umo\u017cliwia ma\u0142ej firmie rozszerzenie sieci lokalnej i przesy\u0142anie du\u017cych plik\u00f3w do serwer\u00f3w, dysk\u00f3w i drukarek z szybko\u015bci\u0105 gigabitow\u0105. Dzi\u0119ki wygodnemu rozwi\u0105zaniu plug-and-play oraz portom z automatycznym wykrywaniem, kt\u00f3re automatycznie optymalizuj\u0105 pr\u0119dko\u015b\u0107 dla ka\u017cdego pod\u0142\u0105czonego urz\u0105dzenia, prze\u0142\u0105cznik Linksys LGS108 Gigabit stanowi szybkie i \u0142atwe rozwi\u0105zanie do rozbudowy sieci biurowej.<\/h6>\n<p>[\/vc_column_text]<div class=\"dfd-spacer-module\"  data-units=\"px\" data-wide_resolution=\"1280\" data-wide_size=\"20\" data-normal_resolution=\"1024\" data-normal_size=\"18\" data-tablet_resolution=\"800\" data-tablet_size=\"8\" data-mobile_resolution=\"480\" data-mobile_size=\"10\" style=\"height: 20px;\"><\/div>[\/vc_column][\/vc_row][vc_row dfd_row_responsive_enable=&#8221;dfd-row-responsive-enable&#8221; responsive_styles=&#8221;margin_top_desktop:10|margin_bottom_desktop:10|margin_left_desktop:10|margin_right_desktop:10|border_top_desktop:10|border_bottom_desktop:10|border_left_desktop:10|border_right_desktop:10|padding_top_desktop:10|padding_bottom_desktop:10|padding_left_desktop:10|padding_right_desktop:10|margin_top_tablet:10|margin_bottom_tablet:10|margin_left_tablet:10|margin_right_tablet:10|border_top_tablet:10|border_bottom_tablet:10|border_left_tablet:10|border_right_tablet:10|padding_top_tablet:10|padding_bottom_tablet:10|padding_left_tablet:10|padding_right_tablet:10|margin_top_mobile:10|margin_bottom_mobile:10|margin_left_mobile:10|margin_right_mobile:10|border_top_mobile:10|border_bottom_mobile:10|border_left_mobile:10|border_right_mobile:10|padding_top_mobile:10|padding_bottom_mobile:10|padding_left_mobile:10|padding_right_mobile:10&#8243;][vc_column][vc_column_text]<\/p>\n<h4>GIGABITOWE PR\u0118DKO\u015aCI TRANSFERU DLA MAKSYMALNEJ WYDAJNO\u015aCI<\/h4>\n<p>Oferuj\u0105c pr\u0119dko\u015b\u0107 po\u0142\u0105czenia przewodowego do 1000 Mb\/s, Linksys LGS108 8-Port Business Desktop Gigabit Switch mo\u017ce zmieni\u0107 lokaln\u0105 sie\u0107 przewodow\u0105 w superszybk\u0105 autostrad\u0119 informacyjn\u0105. Pi\u0119\u0107 port\u00f3w Gigabit Ethernet z automatycznym wykrywaniem b\u0142\u0119d\u00f3w minimalizuje czas przesy\u0142ania du\u017cych plik\u00f3w do pod\u0142\u0105czonych urz\u0105dze\u0144 sieciowych, takich jak komputery, serwery i dyski, a tak\u017ce znacznie zwi\u0119ksza mo\u017cliwo\u015bci przesy\u0142ania plik\u00f3w o wysokiej przepustowo\u015bci do pod\u0142\u0105czonych urz\u0105dze\u0144 bez op\u00f3\u017anie\u0144 i zak\u0142\u00f3ce\u0144. Prze\u0142\u0105cznik Linksys LGS108 Gigabit Switch zosta\u0142 zaprojektowany tak, aby regulowa\u0107 pr\u0119dko\u015b\u0107 port\u00f3w i maksymalizowa\u0107 przepustowo\u015b\u0107 w zale\u017cno\u015bci od mo\u017cliwo\u015bci urz\u0105dzenia klienckiego.[\/vc_column_text]<div class=\"dfd-spacer-module\"  data-units=\"px\" data-wide_resolution=\"1280\" data-wide_size=\"20\" data-normal_resolution=\"1024\" data-normal_size=\"20\" data-tablet_resolution=\"800\" data-tablet_size=\"10\" data-mobile_resolution=\"480\" data-mobile_size=\"10\" style=\"height: 20px;\"><\/div>[\/vc_column][\/vc_row][vc_row dfd_row_responsive_enable=&#8221;dfd-row-responsive-enable&#8221; responsive_styles=&#8221;margin_left_desktop:10|margin_right_desktop:10|border_top_desktop:10|border_bottom_desktop:10|border_left_desktop:10|border_right_desktop:10|padding_top_desktop:10|padding_bottom_desktop:10|padding_left_desktop:10|padding_right_desktop:10|margin_left_tablet:10|margin_right_tablet:10|border_top_tablet:10|border_bottom_tablet:10|border_left_tablet:10|border_right_tablet:10|padding_top_tablet:10|padding_bottom_tablet:10|padding_left_tablet:10|padding_right_tablet:10|margin_left_mobile:10|margin_right_mobile:10|border_top_mobile:10|border_bottom_mobile:10|border_left_mobile:10|border_right_mobile:10|padding_top_mobile:10|padding_bottom_mobile:10|padding_left_mobile:10|padding_right_mobile:10&#8243;][vc_column][vc_column_text]<\/p>\n<h4>WYGODA PLUG-AND-PLAY<\/h4>\n<p>Rozszerz swoj\u0105 sie\u0107 biurow\u0105 niemal natychmiast, dzi\u0119ki szybkiej i bezproblemowej instalacji. Dzi\u0119ki funkcji Plug-and-Play konfiguracja niezarz\u0105dzanego prze\u0142\u0105cznika jest tak prosta, jak pod\u0142\u0105czenie go do gniazdka i pod\u0142\u0105czenie urz\u0105dze\u0144 sieciowych za pomoc\u0105 kabli Ethernet. Porty z funkcj\u0105 automatycznego wykrywania (auto-sensing) w prze\u0142\u0105czniku Linksys LGS108 8-Port Business Desktop Gigabit Switch automatycznie optymalizuj\u0105 pr\u0119dko\u015b\u0107 dla ka\u017cdego pod\u0142\u0105czonego urz\u0105dzenia, dzi\u0119ki czemu nie trzeba konfigurowa\u0107 ustawie\u0144, aby uzyska\u0107 optymaln\u0105 wydajno\u015b\u0107. Prze\u0142\u0105cznik jest dostarczany z zestawem u\u0142atwiaj\u0105cym monta\u017c na \u015bcianie.[\/vc_column_text]<div class=\"dfd-spacer-module\"  data-units=\"px\" data-wide_resolution=\"1280\" data-wide_size=\"10\" data-normal_resolution=\"1024\" data-normal_size=\"\" data-tablet_resolution=\"800\" data-tablet_size=\"\" data-mobile_resolution=\"480\" data-mobile_size=\"\" style=\"height: 10px;\"><\/div><div class=\"dfd-spacer-module\"  data-units=\"px\" data-wide_resolution=\"1280\" data-wide_size=\"20\" data-normal_resolution=\"1024\" data-normal_size=\"20\" data-tablet_resolution=\"800\" data-tablet_size=\"10\" data-mobile_resolution=\"480\" data-mobile_size=\"10\" style=\"height: 20px;\"><\/div>[\/vc_column][\/vc_row][vc_row dfd_row_responsive_enable=&#8221;dfd-row-responsive-enable&#8221; responsive_styles=&#8221;margin_top_desktop:10|margin_bottom_desktop:10|margin_left_desktop:10|margin_right_desktop:10|border_top_desktop:10|border_bottom_desktop:10|border_left_desktop:10|border_right_desktop:10|padding_top_desktop:10|padding_bottom_desktop:10|padding_left_desktop:10|padding_right_desktop:10|margin_top_tablet:10|margin_bottom_tablet:10|margin_left_tablet:10|margin_right_tablet:10|border_top_tablet:10|border_bottom_tablet:10|border_left_tablet:10|border_right_tablet:10|padding_top_tablet:10|padding_bottom_tablet:10|padding_left_tablet:10|padding_right_tablet:10|margin_top_mobile:10|margin_bottom_mobile:10|margin_left_mobile:10|margin_right_mobile:10|border_top_mobile:10|border_bottom_mobile:10|border_left_mobile:10|border_right_mobile:10|padding_top_mobile:10|padding_bottom_mobile:10|padding_left_mobile:10|padding_right_mobile:10&#8243;][vc_column][vc_column_text]<\/p>\n<h4>FUNKCJE OSZCZ\u0118DZANIA ENERGII<\/h4>\n<p>Prze\u0142\u0105cznik Linksys LGS108 Gigabit oferuje wiele funkcji oszcz\u0119dzania energii i spe\u0142nia wymagania standardu EEE (Energy Efficient Ethernet) 802.3az, co zapewnia zar\u00f3wno wysok\u0105 wydajno\u015b\u0107, jak i efektywno\u015b\u0107. Nieu\u017cywane porty s\u0105 automatycznie wy\u0142\u0105czane i zasilane, gdy nie s\u0105 u\u017cywane, natomiast tryb u\u015bpienia minimalizuje zu\u017cycie energii, gdy ca\u0142y prze\u0142\u0105cznik jest u\u015bpiony. Prze\u0142\u0105cznik LGS108 oferuje r\u00f3wnie\u017c prze\u0142\u0105cznik stanu portu do sterowania diodami LED oraz wykorzystuje technologi\u0119 Smart Power do zasilania kr\u00f3tkich kabli.[\/vc_column_text]<div class=\"dfd-spacer-module\"  data-units=\"px\" data-wide_resolution=\"1280\" data-wide_size=\"20\" data-normal_resolution=\"1024\" data-normal_size=\"20\" data-tablet_resolution=\"800\" data-tablet_size=\"10\" data-mobile_resolution=\"480\" data-mobile_size=\"10\" style=\"height: 20px;\"><\/div>[\/vc_column][\/vc_row][vc_row dfd_row_responsive_enable=&#8221;dfd-row-responsive-enable&#8221; responsive_styles=&#8221;margin_top_desktop:10|margin_bottom_desktop:10|margin_left_desktop:10|margin_right_desktop:10|border_top_desktop:10|border_bottom_desktop:10|border_left_desktop:10|border_right_desktop:10|padding_top_desktop:10|padding_bottom_desktop:10|padding_left_desktop:10|padding_right_desktop:10|margin_left_tablet:10|margin_right_tablet:10|border_top_tablet:10|border_bottom_tablet:10|border_left_tablet:10|border_right_tablet:10|padding_top_tablet:10|padding_bottom_tablet:10|padding_left_tablet:10|padding_right_tablet:10|margin_left_mobile:10|margin_right_mobile:10|border_top_mobile:10|border_bottom_mobile:10|border_left_mobile:10|border_right_mobile:10|padding_top_mobile:10|padding_bottom_mobile:10|padding_left_mobile:10|padding_right_mobile:10&#8243;][vc_column][vc_column_text]<\/p>\n<h4>PRIORYTETYZACJA RUCHU W RAMACH US\u0141UGI QUALITY OF SERVICE<\/h4>\n<p>Priorytetyzacja ruchu QoS (Quality of Service) jest niezb\u0119dna do zapewnienia sp\u00f3jnej i niezawodnej komunikacji w sieci, dzi\u0119ki czemu najwa\u017cniejsze dla firmy dane zawsze otrzymuj\u0105 najwy\u017cszy priorytet. Prze\u0142\u0105cznik Linksys LGS108 8-Port Business Desktop Gigabit Switch oferuje wiele funkcji QoS, kt\u00f3re zapewniaj\u0105, \u017ce ruch sieciowy jest odpowiednio priorytetowany, aby zapewni\u0107 najlepsze mo\u017cliwe wra\u017cenia u\u017cytkownikom aplikacji dzia\u0142aj\u0105cych w czasie rzeczywistym. Na przyk\u0142ad, je\u015bli priorytetem jest \u0142\u0105czno\u015b\u0107 telefoniczna IP i wideokonferencje, mo\u017cna nada\u0107 im pierwsze\u0144stwo przed dzia\u0142aniami wymagaj\u0105cymi du\u017cej przepustowo\u015bci, takimi jak wysy\u0142anie i pobieranie du\u017cych plik\u00f3w graficznych i wideo.[\/vc_column_text]<div class=\"dfd-spacer-module\"  data-units=\"px\" data-wide_resolution=\"1280\" data-wide_size=\"10\" data-normal_resolution=\"1024\" data-normal_size=\"\" data-tablet_resolution=\"800\" data-tablet_size=\"\" data-mobile_resolution=\"480\" data-mobile_size=\"\" style=\"height: 10px;\"><\/div><div class=\"dfd-spacer-module\"  data-units=\"px\" data-wide_resolution=\"1280\" data-wide_size=\"20\" data-normal_resolution=\"1024\" data-normal_size=\"20\" data-tablet_resolution=\"800\" data-tablet_size=\"10\" data-mobile_resolution=\"480\" data-mobile_size=\"10\" style=\"height: 20px;\"><\/div>[\/vc_column][\/vc_row][vc_row dfd_row_responsive_enable=&#8221;dfd-row-responsive-enable&#8221; responsive_styles=&#8221;margin_top_desktop:10|margin_bottom_desktop:10|margin_left_desktop:10|margin_right_desktop:10|border_top_desktop:10|border_bottom_desktop:10|border_left_desktop:10|border_right_desktop:10|padding_top_desktop:10|padding_bottom_desktop:10|padding_left_desktop:10|padding_right_desktop:10|margin_left_tablet:10|margin_right_tablet:10|border_top_tablet:10|border_bottom_tablet:10|border_left_tablet:10|border_right_tablet:10|padding_top_tablet:10|padding_bottom_tablet:10|padding_left_tablet:10|padding_right_tablet:10|margin_left_mobile:10|margin_right_mobile:10|border_top_mobile:10|border_bottom_mobile:10|border_left_mobile:10|border_right_mobile:10|padding_top_mobile:10|padding_bottom_mobile:10|padding_left_mobile:10|padding_right_mobile:10&#8243;][vc_column][vc_column_text]<\/p>\n<h4>CO JEST W PUDE\u0141KU<\/h4>\n<ul>\n<li>Prze\u0142\u0105cznik niezarz\u0105dzalny Linksys<\/li>\n<li>Skr\u00f3cona instrukcja obs\u0142ugi<\/li>\n<li>Kabel zasilaj\u0105cy lub zasilacz<\/li>\n<li>P\u0142yta CD z dokumentacj\u0105<\/li>\n<li>Zestaw do monta\u017cu na \u015bcianie<\/li>\n<\/ul>\n<p>&nbsp;[\/vc_column_text]<div class=\"dfd-spacer-module\"  data-units=\"px\" data-wide_resolution=\"1280\" data-wide_size=\"10\" data-normal_resolution=\"1024\" data-normal_size=\"\" data-tablet_resolution=\"800\" data-tablet_size=\"\" data-mobile_resolution=\"480\" data-mobile_size=\"\" style=\"height: 10px;\"><\/div>[\/vc_column][\/vc_row][vc_row dfd_row_responsive_enable=&#8221;dfd-row-responsive-enable&#8221; responsive_styles=&#8221;margin_top_desktop:10|margin_bottom_desktop:10|margin_left_desktop:10|margin_right_desktop:10|border_top_desktop:10|border_bottom_desktop:10|border_left_desktop:10|border_right_desktop:10|padding_top_desktop:10|padding_bottom_desktop:10|padding_left_desktop:10|padding_right_desktop:10|margin_left_tablet:10|margin_right_tablet:10|border_top_tablet:10|border_bottom_tablet:10|border_left_tablet:10|border_right_tablet:10|padding_top_tablet:10|padding_bottom_tablet:10|padding_left_tablet:10|padding_right_tablet:10|margin_left_mobile:10|margin_right_mobile:10|border_top_mobile:10|border_bottom_mobile:10|border_left_mobile:10|border_right_mobile:10|padding_top_mobile:10|padding_bottom_mobile:10|padding_left_mobile:10|padding_right_mobile:10&#8243;][vc_column][vc_column_text]<\/p>\n<h4>CECHY PRODUKTU<\/h4>\n<ol>\n<li>Szybko\u015b\u0107 po\u0142\u0105czenia przewodowego do 1000 Mb\/s<\/li>\n<li>Mo\u017cliwo\u015b\u0107 dodania do sieci lokalnej maksymalnie pi\u0119ciu urz\u0105dze\u0144<\/li>\n<li>\u0141atwa instalacja typu plug-and-play<\/li>\n<li>Porty z funkcj\u0105 automatycznego wykrywania automatycznie\u00a0 optymalizuj\u0105 pr\u0119dko\u015b\u0107 dla ka\u017cdego pod\u0142\u0105czonego urz\u0105dzenia<\/li>\n<li>Liczne funkcje oszcz\u0119dzania energii<\/li>\n<li>Zgodno\u015b\u0107 z norm\u0105 EEE (Energy Efficient Ethernet) 802.3az<\/li>\n<\/ol>\n<p>[\/vc_column_text][vc_row_inner][vc_column_inner][\/vc_column_inner][\/vc_row_inner]<div class=\"dfd-spacer-module\"  data-units=\"px\" data-wide_resolution=\"1280\" data-wide_size=\"10\" data-normal_resolution=\"1024\" data-normal_size=\"\" data-tablet_resolution=\"800\" data-tablet_size=\"\" data-mobile_resolution=\"480\" data-mobile_size=\"\" style=\"height: 10px;\"><\/div><div class=\"dfd-heading-shortcode\"><div class=\"dfd-heading-module-wrap  text-center style_01 dfd-heading-6a006735296db dfd-disable-resposive-headings\" id=\"dfd-heading-6a006735296db\" ><div class=\"inline-block\"><div class=\"dfd-heading-module\"><h5 class=\"widget-title dfd-title \" style=\"\"><\/p>\n<h2>Dane techniczne<\/h2>\n<p><\/h5><div class=\"dfd-heading-delimiter\"><\/div><\/div><\/div><\/div><script type=\"text\/javascript\">\r\n\t\t\t\t\t\t\t\t\t(function($) {\r\n\t\t\t\t\t\t\t\t\t\t$(\"head\").append(\"<style>.dfd-heading-6a006735296db.dfd-heading-module-wrap .dfd-heading-module .dfd-heading-delimiter {border-bottom-style:solid;border-bottom-width:1px;width:100px;border-bottom-color:#dddddd;}.dfd-heading-6a006735296db.dfd-heading-module-wrap .dfd-heading-module .dfd-heading-delimiter {margin-top:10px;margin-bottom:10px;}<\/style>\");\r\n\t\t\t\t\t\t\t\t\t})(jQuery);\r\n\t\t\t\t\t\t\t\t<\/script><\/div>[\/vc_column][\/vc_row][vc_row dfd_row_responsive_enable=&#8221;dfd-row-responsive-enable&#8221; responsive_styles=&#8221;margin_top_desktop:10|margin_bottom_desktop:10|margin_left_desktop:10|margin_right_desktop:10|border_top_desktop:10|border_bottom_desktop:10|border_left_desktop:10|border_right_desktop:10|padding_top_desktop:10|padding_bottom_desktop:10|padding_left_desktop:10|padding_right_desktop:10|margin_left_tablet:10|margin_right_tablet:10|border_top_tablet:10|border_bottom_tablet:10|border_left_tablet:10|border_right_tablet:10|padding_top_tablet:10|padding_bottom_tablet:10|padding_left_tablet:10|padding_right_tablet:10|margin_left_mobile:10|margin_right_mobile:10|border_top_mobile:10|border_bottom_mobile:10|border_left_mobile:10|border_right_mobile:10|padding_top_mobile:10|padding_bottom_mobile:10|padding_left_mobile:10|padding_right_mobile:10&#8243;][vc_column]<div class=\"dfd-spacer-module\"  data-units=\"px\" data-wide_resolution=\"1280\" data-wide_size=\"10\" data-normal_resolution=\"1024\" data-normal_size=\"\" data-tablet_resolution=\"800\" data-tablet_size=\"\" data-mobile_resolution=\"480\" data-mobile_size=\"\" style=\"height: 10px;\"><\/div>[vc_column_text]<strong>Nazwa modelu:<\/strong><\/p>\n<p>LGS108<\/p>\n<hr \/>\n<p><strong>Standardy sieciowe:<\/strong><\/p>\n<ul>\n<li>IEEE 802.3<\/li>\n<li>IEEE 802.3u<\/li>\n<li>IEEE 802.3x<\/li>\n<li>IEEE 802.3ab<\/li>\n<li>IEEE 802.3az<\/li>\n<\/ul>\n<hr \/>\n<p><strong>Porty:<\/strong><\/p>\n<p>8 port\u00f3w Gigabit Ethernet (10\/100\/1000)<\/p>\n<hr \/>\n<p><strong>Diody LED:<\/strong><\/p>\n<p>Wska\u017aniki po\u0142\u0105czenia i aktywno\u015bci<\/p>\n<hr \/>\n<p><strong>Wydajno\u015b\u0107:<\/strong><\/p>\n<ul>\n<li>Pe\u0142na szybko\u015b\u0107 linii i szybko\u015b\u0107 przekazywania 64B ramki przy:<\/li>\n<li>1,488 Mpps dla portu 1000M<\/li>\n<li>0,1488 Mpps dla portu 100M<\/li>\n<li>0,01488 Mpps dla portu 10M<\/li>\n<\/ul>\n<hr \/>\n<p><strong>Rozmiar tablicy adres\u00f3w MAC:<\/strong><\/p>\n<p>4 000 wpis\u00f3w<\/p>\n<hr \/>\n<p><strong>Szeroko\u015b\u0107 pasma:<\/strong><\/p>\n<p>16 Gb\/s (bez blokowania)<\/p>\n<hr \/>\n<p><strong>Wentylatory:<\/strong><\/p>\n<p>Brak<\/p>\n<hr \/>\n<p><strong>Minimalne wymagania systemowe:<\/strong><\/p>\n<p>Pod\u0142\u0105czone urz\u0105dzenia wymagaj\u0105 \u0142\u0105czno\u015bci Ethernet i kabli Ethernet<\/p>\n<hr \/>\n<p><strong>Wymiary (LxWxH):<\/strong><\/p>\n<p>168 x 90 x 26 mm<\/p>\n<hr \/>\n<p><strong>Waga:<\/strong><\/p>\n<p>0,358 kg<\/p>\n<hr \/>\n<p><strong>Zasilanie:<\/strong><\/p>\n<p>100-240VAC, 50\/60Hz, 5VDC<\/p>\n<hr \/>\n<p><strong>Pob\u00f3r mocy:<\/strong><\/p>\n<p>0,997W\/3,355W<\/p>\n<hr \/>\n<p><strong>Zu\u017cycie energii:<\/strong><\/p>\n<p>1,07W \/ 3,53W<\/p>\n<hr \/>\n<p><strong>Wej\u015bcie zasilania:<\/strong><\/p>\n<p>12 V 0,5 A<\/p>\n<hr \/>\n<p><strong>Oszcz\u0119dzanie energii:<\/strong><\/p>\n<p>Wykrywanie pod\u0142\u0105czonego kabla, wykrywanie d\u0142ugo\u015bci kabla, tryb u\u015bpienia.<\/p>\n<hr \/>\n<p><strong>2 Monitory:<\/strong><\/p>\n<p>Zewn\u0119trzna strona<\/p>\n<hr \/>\n<p><strong>Temperatura pracy:<\/strong><\/p>\n<p>0-50\u00b0C<\/p>\n<hr \/>\n<p><strong>Temperatura przechowywania:<\/strong><\/p>\n<p>-40-70\u00b0C<\/p>\n<hr \/>\n<p><strong>Wilgotno\u015b\u0107 pracy:<\/strong><\/p>\n<p>10-90% (bez kondensacji)<\/p>\n<hr \/>\n<p><strong>Wilgotno\u015b\u0107 przechowywania:<\/strong><\/p>\n<p>10-90% (bez kondensacji)<\/p>\n<hr \/>\n<p><strong>Monta\u017c:<\/strong><\/p>\n<p>\u015aciana<\/p>\n<hr \/>\n<p><strong>Zgodno\u015b\u0107 z przepisami:<\/strong><\/p>\n<p>FCC klasa B, CE<\/p>\n<hr \/>\n<p><strong>Gwarancja i pomoc techniczna:<\/strong><\/p>\n<p>5 lat gwarancji[\/vc_column_text][\/vc_column][\/vc_row]<\/p>\n","protected":false},"excerpt":{"rendered":"<p>[vc_row][vc_column][vc_column_text][\/vc_column_text][\/vc_column][\/vc_row][vc_row][vc_column][vc_gallery interval=&#8221;10&#8243; images=&#8221;1249,1250,1252,1253,1338&#8243; img_size=&#8221;full&#8221; css=&#8221;.vc_custom_1649240498295{padding-top: 10px !important;}&#8221;][\/vc_column][\/vc_row][vc_row][vc_column][vc_column_text][vc_row][vc_column width=&#8221;1\/1&#8243;][vc_column_text] [\/vc_column_text][\/vc_column][\/vc_row][vc_row dfd_row_responsive_enable=&#8221;dfd-row-responsive-enable&#8221; responsive_styles=&#8221;margin_top_desktop:10|margin_bottom_desktop:10|margin_left_desktop:10|margin_right_desktop:10|border_top_desktop:10|border_bottom_desktop:10|border_left_desktop:10|border_right_desktop:10|padding_top_desktop:10|padding_bottom_desktop:10|padding_left_desktop:10|padding_right_desktop:10|margin_top_tablet:0|margin_left_tablet:10|border_top_tablet:10|border_bottom_tablet:10|border_left_tablet:10|border_right_tablet:10|padding_top_tablet:10|padding_bottom_tablet:10|padding_left_tablet:10|padding_right_tablet:10|margin_left_mobile:10|margin_right_mobile:10|border_top_mobile:10|border_bottom_mobile:10|border_left_mobile:10|border_right_mobile:10|padding_top_mobile:10|padding_bottom_mobile:10|padding_left_mobile:10|padding_right_mobile:10&#8243;][vc_column][\/vc_column][\/vc_row][vc_row dfd_row_responsive_enable=&#8221;dfd-row-responsive-enable&#8221; responsive_styles=&#8221;margin_top_desktop:10|margin_bottom_desktop:10|margin_left_desktop:10|margin_right_desktop:10|border_top_desktop:10|border_bottom_desktop:10|border_left_desktop:10|border_right_desktop:10|padding_top_desktop:10|padding_bottom_desktop:10|padding_left_desktop:10|padding_right_desktop:10|margin_top_tablet:0|margin_bottom_tablet:0|margin_left_tablet:10|margin_right_tablet:10|border_top_tablet:10|border_bottom_tablet:10|border_left_tablet:10|border_right_tablet:10|padding_top_tablet:10|padding_bottom_tablet:10|padding_left_tablet:10|padding_right_tablet:10|margin_left_mobile:10|margin_right_mobile:10|border_top_mobile:10|border_bottom_mobile:10|border_left_mobile:10|border_right_mobile:10|padding_top_mobile:10|padding_bottom_mobile:10|padding_left_mobile:10|padding_right_mobile:10&#8243;][vc_column][vc_column_text] Prze\u0142\u0105cznik Linksys LGS108 8-Port Business Desktop Gigabit Switch zwi\u0119ksza wydajno\u015b\u0107 lokalnej sieci przewodowej. Ten niezarz\u0105dzalny prze\u0142\u0105cznik, oferuj\u0105cy<\/p>\n","protected":false},"author":5,"featured_media":0,"parent":4,"menu_order":0,"comment_status":"closed","ping_status":"closed","template":"","meta":[],"_links":{"self":[{"href":"https:\/\/linksys.pl\/index.php?rest_route=\/wp\/v2\/pages\/1256"}],"collection":[{"href":"https:\/\/linksys.pl\/index.php?rest_route=\/wp\/v2\/pages"}],"about":[{"href":"https:\/\/linksys.pl\/index.php?rest_route=\/wp\/v2\/types\/page"}],"author":[{"embeddable":true,"href":"https:\/\/linksys.pl\/index.php?rest_route=\/wp\/v2\/users\/5"}],"replies":[{"embeddable":true,"href":"https:\/\/linksys.pl\/index.php?rest_route=%2Fwp%2Fv2%2Fcomments&post=1256"}],"version-history":[{"count":18,"href":"https:\/\/linksys.pl\/index.php?rest_route=\/wp\/v2\/pages\/1256\/revisions"}],"predecessor-version":[{"id":1340,"href":"https:\/\/linksys.pl\/index.php?rest_route=\/wp\/v2\/pages\/1256\/revisions\/1340"}],"up":[{"embeddable":true,"href":"https:\/\/linksys.pl\/index.php?rest_route=\/wp\/v2\/pages\/4"}],"wp:attachment":[{"href":"https:\/\/linksys.pl\/index.php?rest_route=%2Fwp%2Fv2%2Fmedia&parent=1256"}],"curies":[{"name":"wp","href":"https:\/\/api.w.org\/{rel}","templated":true}]}}